 factors of j?
2, 5
Let s = -19 + 19. Let k = s - 4. Let a(v) = v**2 - 2*v - 6. List the prime factors of a(k).
2, 3
Let h be (91/21 - 4)/((-2)/(-6)). List the prime factors of h*(-4 - 1)*864/(-45).
2, 3
Let o(m) = -m**3 - 10*m**2 - m - 8. Let p be o(-10). Suppose z + 4*g = -3, p*g = -z - 3*z + 2. List the prime factors of 2 + z + 43 + 1.
47
Let k(q) = -q - 14. Let z be k(-14). Suppose z = -2*t, 0*t - 3*t - 2 = -f. Suppose i - 60 = -3*o, o = -3*i - f*i + 20. What are the prime factors of o?
2, 5
Let g(o) be the third derivative of o**4 - 3*o**3/2 + 4*o**2. Let d be g(4). Suppose 2*m - d = -m. List the prime factors of m.
29
Suppose -2*z + 145 = 969. Let h = -137 - z. Suppose -y + 4*p + 45 = 0, 3*y = -2*y - 5*p + h. List the prime factors of y.
53
Suppose 3*f + 3*y - 2*y = -70, y = -4. Let v(r) = -r + 55. Let a be v(0). Let n = f + a. List the prime factors of n.
3, 11
Let u = -611 - -1209. What are the prime factors of u?
2, 13, 23
Let a = 26 + 0. Let u = 85 - a. What are the prime factors of u?
59
Let m(y) be the first derivative of -y**3/2 - 15*y**2/2 + y + 5. Let i(f) be the first derivative of m(f). What are the prime factors of i(-8)?
3
Let w(x) = x**3 - 7*x**2 + 9*x - 6. Let l be w(6). Let u = 45 - 43. Suppose l = 4*y, 0*y + 132 = 3*d - u*y. What are the prime factors of d?
2, 23
Let x(l) = 662*l**3 + 8*l**2 - 9*l + 2. List the prime factors of x(1).
3, 13, 17
Let b(j) = -10*j**3 + 0*j + 1 - 6 - 2*j + j**2 - 2*j. List the prime factors of b(-2).
3, 29
Let i(s) = -69*s**2 + s. Let b be i(-3). List the prime factors of ((-26)/(-8))/((-26)/b).
2, 3, 13
Let q = 977 + 2091. List the prime factors of q.
2, 13, 59
What are the prime factors of 5 + (8 - -25) + -8?
2, 3, 5
Let s(i) be the first derivative of -i**4/4 + 4*i**3/3 + 7*i**2/2 + i - 1. Let z(v) = 5*v**3 + 2*v**2 - 4*v + 2. Let d be z(1). List the prime factors of s(d).
11
Suppose 455*a - 475*a = -17520. What are the prime factors of a?
2, 3, 73
Let z be (3 + -2)/(4/(-32)). Let n(m) be the third derivative of -m**4/6 - 5*m**3/2 - 4*m**2. List the prime factors of n(z).
17
Let b be 54*(-5 - -3)/(-2). Let g(r) = 24*r**2 + 1. Let v be g(1). Let y = b - v. What are the prime factors of y?
29
Suppose 1956 = -8*u - 708. Let i = 565 + u. List the prime factors of i.
2, 29
Suppose -3*z = c + 3*c + 25, -11 = -3*z + 5*c. Let a(m) be the second derivative of m**4/6 - m**3/3 + m**2/2 + 9*m. What are the prime factors of a(z)?
5
Let k = 1090 + -1651. List the prime factors of ((-2)/(-3))/((-2)/k).
11, 17
Let l = 216 + -16. Suppose 29 = -3*g + l. Suppose -3*p + v + g = 0, -5*p - v - 3*v = -95. List the prime factors of p.
19
Suppose 2*c + 3 = 7. Suppose -2*v + 32 = -4*g, -c*v + 71 = 4*g + 23. Suppose 4*o + v = 0, 3*r + 2*r - 5*o - 165 = 0. List the prime factors of r.
2, 7
Let u(q) = q**3 - q**2 - 8*q - 1. Let m be u(4). Suppose -2*c = c - m. Suppose -c*k - 10 = -6*k. List the prime factors of k.
2, 5
Let u = 5218 + -3183. What are the prime factors of u?
5, 11, 37
Let r be -14*(-2)/8*-2. Let s(x) = 3*x - 16. Let i be s(r). Let f = i - -81. List the prime factors of f.
2, 11
Suppose 6 = 2*r, -3*b + 3*r = -r - 2091. List the prime factors of b.
701
Let w(b) = 5*b + 47. Let j be w(-7). Suppose -j*l - 7 = -31. List the prime factors of l.
2
Suppose m = 3*j + 758, -5*j - 4444 = -5*m - 704. List the prime factors of m.
743
Let w be -3 + 12/2 + 0. Let c be 10 - (-1 + w)/2. Suppose -4*f + c*f = 20. List the prime factors of f.
2
Let o = -110 - -1. Suppose 740 = -25*w - 910. Let m = w - o. What are the prime factors of m?
43
Suppose 0 = l + 2*l - 9. Let z(m) = m**3 - 3*m**2 - 1. Let r be z(l). List the prime factors of (-46)/(-4) - r/2.
2, 3
Let o(u) = u. Let n be o(2). Suppose -25 + 10 = -5*l. Suppose -w + h + 42 = 0, 0*w - n*w = l*h - 79. List the prime factors of w.
41
Let c(z) = -11*z + 6*z**2 + 4*z**3 + 32 - 3*z**3 - 39. What are the prime factors of c(-7)?
3, 7
Suppose 5*g + 2 = 4*g + 5*d, 0 = -4*g - d + 13. Suppose 0 = -2*k - 3*v + 15, 0*k - 15 = -3*k - g*v. Let r(m) = -m + 22. List the prime factors of r(k).
2, 11
Suppose 0 = -11*k - 11417 + 31426. What are the prime factors of k?
17, 107
Let i = -4 + 68. Suppose -151 = -5*k + i. List the prime factors of k.
43
Let v(f) = f**3 + 6*f**2 + 7*f + 11. Let p be 1/(-4) + (-76)/16. Let g be v(p). Suppose -g + 5 = x. What are the prime factors of x?
2
Suppose -24*l = 16*l - 49960. What are the prime factors of l?
1249
Suppose 5*u - u - 144 = 0. List the prime factors of (-22)/(-99) - 1130/u*-2.
3, 7
List the prime factors of 1/6 - (-23379)/18.
3, 433
Suppose 4*b = -4*p + 436, -398 = -3*p - 4*b - 67. List the prime factors of (p/20)/(2/8).
3, 7
Suppose 4*y - 5*p - 26 = -7, 4*y - 28 = -4*p. Suppose y = o + 1. Suppose 4*s - 2*j - 37 = -o*j, -5*s = 4*j - 47. List the prime factors of s.
7
What are the prime factors of (-1 - (-117)/65) + 1806/5?
2, 181
Let r be 5/(-60)*4*(-36)/2. Let l(f) = 3*f**2 - 7*f + 30. List the prime factors of l(r).
2, 3
Suppose 4*n + 44 = m - 1369, 3*m = 5*n + 4204. List the prime factors of m.
7, 199
Let f(o) = -140*o**3 + 10*o**2 - o**2 - 16 + 22*o + 139*o**3. What are the prime factors of f(10)?
2, 13
Suppose -26*p = 2593 - 18349. List the prime factors of p.
2, 3, 101
Suppose 4*s + c + 506 = 3*c, s + 129 = -2*c. Let u = s + 236. List the prime factors of u.
109
Let n(s) = -s**3 + 2*s**2 + 7. Let m be n(0). Let t(p) = 4*p + 5. List the prime factors of t(m).
3, 11
Let u = -141 - -670. What are the prime factors of u?
23
Let z(b) = -84*b - 12. What are the prime factors of z(-3)?
2, 3, 5
Suppose 4*r = -2*r. Suppose 3*q = -r*q. Let f(d) = d**2 - d + 2. List the prime factors of f(q).
2
Let z = -3 + 5. Suppose 0 = z*b - 225 + 89. Suppose -w + 5*w - b = 0. List the prime factors of w.
17
Let t(n) = -n**3 - 6*n**2 - 3*n - 6. Let s be t(-6). Let j = 14 - s. Suppose 0 = -j*q + 1 + 13. List the prime factors of q.
7
Let i = -973 + 2043. What are the prime factors of i?
2, 5, 107
Suppose 0 - 2 = 2*t. Let z(o) = -24*o**3 + 2*o**2 + o. List the prime factors of z(t).
5
Let v be 35*-2*(-9)/21. Suppose v = 2*f - 54. List the prime factors of f.
2, 3, 7
Let i(x) = 29*x. Let o be i(6). Let q be (-1 - o/(-3)) + -1. Suppose -q = -4*v + 44. What are the prime factors of v?
5
Let d(v) = v**3 - 3*v**2 - 2. Let c(h) = -10*h + 1. Let o be c(-1). Let f = o - 7. List the prime factors of d(f).
2, 7
Let f = -416 + 2791. What are the prime factors of f?
5, 19
Let y(u) = 5*u**2 + 11*u + 7. Let d(p) = p - 2. Let t be d(-3). List the prime factors of y(t).
7, 11
Suppose -1618 - 2265 = -11*d. What are the prime factors of d?
353
Let m(w) = -2*w - 3. Let n be m(-3). Suppose n + 12 = 3*d. Let a(k) = 8*k + 9. List the prime factors of a(d).
7
Suppose -2*k + 1339 - 135 = 4*w, 5*w + 5*k - 1500 = 0. What are the prime factors of w?
2, 151
Suppose -5*n + 2760 = 5*z, 2*n + 395 = z - 154. List the prime factors of z.
19, 29
Suppose 0 = y - 5*c - 26, 2*c + 17 = -2*y + 3*y. Suppose 0 = 3*z - y*z + 960. What are the prime factors of z?
2, 3, 5
Let t(a) be the first derivative of 4*a**3/3 - 4*a**2 + 37. List the prime factors of t(-5).
2, 5, 7
Let u = -22 - -1863. What are the prime factors of u?
7, 263
Suppose 4*m + 20 = 4*g, -5*m + 6*g - 3*g - 21 = 0. Let k = 39 - m. List the prime factors of k.
2, 3, 7
Let x be 5 + (-2 - 2) - -9. Let i(p) = 0*p**2 - x*p + 7*p + 5*p**2 - 7 + p**3. List the prime factors of i(-4).
3, 7
Let y(z) be the second derivative of -z**3/6 + 19*z**2/2 + 3*z. Suppose 2*b - 11 = -w + 20, 4*b - 63 = -w. List the prime factors of y(b).
3
Let d = -41 + 66. Suppose -3*p = -5*w + 108, 2*p = 2*w + d - 69. List the prime factors of w.
3, 7
Suppose 5*d = 10, -44 = -r + 4*r - 4*d. Let a(z) = z**2 + 10*z - 17. Let s be a(r). Let b(y) = -y**2 + 6*y + 10. List the prime factors of b(s).
3
Let y(j) = 4*j - 19. Let h be y(6). Suppose -21 = -b - 3*f + 2*f, h*f = 20. What are the prime factors of b?
17
Let f = -23 - -25. Let r = 6 - f. Suppose 0 = -r*t + 5*t - 30. List the prime factors of t.
2, 3, 5
Suppose -5*z = -6*t + 3*t - 4635, -2*z - t = -1865. Suppose y - z = -5*y. What are the prime factors of y?
5, 31
Suppose 1 = -u - 0*u + 3*x, -u + 6 = 4*x. Suppose 258 - 83 = u*y + 3*r, 0 = 2*y + 4*r - 178. What are the prime factors of y?
83
Suppose 0*g = -5*x - 4*g, -